{"id":840,"date":"2022-12-31T11:05:32","date_gmt":"2022-12-31T10:05:32","guid":{"rendered":"http:\/\/52foilboards.com\/?page_id=840"},"modified":"2025-02-02T16:31:56","modified_gmt":"2025-02-02T15:31:56","slug":"storm-glider-pin-tail","status":"publish","type":"page","link":"https:\/\/52foilboards.com\/index.php\/storm-glider-pin-tail\/","title":{"rendered":"Storm Glider Pin Tail"},"content":{"rendered":"\n<div class=\"alignnormal\"><div id=\"metaslider-id-843\" style=\"max-width: 1600px;\" class=\"ml-slider-3-20-3 metaslider metaslider-nivo metaslider-843 ml-slider\">\n    <div id=\"metaslider_container_843\">\n        <div class='slider-wrapper theme-default'><div class='ribbon'><\/div><div id='metaslider_843' class='nivoSlider'><img src=\"https:\/\/52foilboards.com\/wp-content\/uploads\/2022\/12\/rafale-visuel-v2md.jpg\" height=\"800\" width=\"1600\" title=\"rafale visuel v2md\" alt=\"\" class=\"slider-843 slide-865\" \/><img src=\"https:\/\/52foilboards.com\/wp-content\/uploads\/2022\/12\/LN5_0723.jpg\" height=\"800\" width=\"1600\" title=\"LN5_0723\" alt=\"\" class=\"slider-843 slide-866\" \/><img src=\"https:\/\/52foilboards.com\/wp-content\/uploads\/2022\/12\/snap-2022-12-22-17h18m27s466.jpg\" height=\"800\" width=\"1600\" title=\"snap-2022-12-22-17h18m27s466\" alt=\"\" class=\"slider-843 slide-867\" \/><img src=\"https:\/\/52foilboards.com\/wp-content\/uploads\/2022\/12\/LN5_0802.jpg\" height=\"800\" width=\"1600\" title=\"LN5_0802\" alt=\"\" class=\"slider-843 slide-868\" \/><img src=\"https:\/\/52foilboards.com\/wp-content\/uploads\/2022\/12\/snap-2022-12-22-17h25m39s300.jpg\" height=\"800\" width=\"1600\" title=\"snap-2022-12-22-17h25m39s300\" alt=\"\" class=\"slider-843 slide-869\" \/><img src=\"https:\/\/52foilboards.com\/wp-content\/uploads\/2022\/12\/LN5_0775.jpg\" height=\"800\" width=\"1600\" title=\"LN5_0775\" alt=\"\" class=\"slider-843 slide-871\" \/><img src=\"https:\/\/52foilboards.com\/wp-content\/uploads\/2022\/12\/snap-2022-12-22-17h28m21s203.jpg\" height=\"800\" width=\"1600\" title=\"snap-2022-12-22-17h28m21s203\" alt=\"\" class=\"slider-843 slide-870\" \/><\/div><\/div>\n        \n    <\/div>\n<\/div><\/div>\n\n\n\n<p>Issue d&#8217;un long travail de R&amp;D avec de nombreuses journ\u00e9es pass\u00e9es sur l&#8217;eau dans la temp\u00eate, la <strong>Storm Glider Pin Tail <\/strong>est une d\u00e9clinaison de notre c\u00e9l\u00e8bre mod\u00e8le Storm Glider, optimis\u00e9 \u00e0 200% pour plus de facilit\u00e9 et de performance en Downwind. Ce nouveau mod\u00e8le se diff\u00e9rencie de son pr\u00e9d\u00e9cesseur par son <strong>shape rallong\u00e9 et plus \u00e9troit<\/strong> pour am\u00e9liorer fortement la glisse au d\u00e9collage. <\/p>\n\n\n\n<p>Comme son nom l\u2019indique, ce mod\u00e8le se distingue \u00e9galement  par le design original de son 1\/3 arri\u00e8re comportant un <strong>pin tail<\/strong>, c\u2019est-\u00e0-dire un tail tr\u00e8s \u00e9troit en forme de V sur la car\u00e8ne. Ce type de tail, tr\u00e8s populaire sur les SUP-race 14\u2019 notamment, prend tout son sens sur les planches plus longues et \u00e9troites, permettant d\u2019optimiser encore davantage la glisse et la vitesse de la car\u00e8ne afin de faciliter le d\u00e9collage dans les bumps. L\u2019effet &#8221;bouchon&#8221; que provoque ce tail  va permettre \u00e0 la planche de sortir plus vite de l&#8217;eau. Nous avons \u00e9galement modifi\u00e9 l\u2019outline de la planche afin de pouvoir int\u00e9grer parfaitement le pin tail. L<strong>e wide point (point la plus large de la planche) a \u00e9t\u00e9 avanc\u00e9 <\/strong>pour offrir une grande stabilit\u00e9 et permettre d\u2019am\u00e9liorer un peu plus la glisse. La car\u00e8ne de la Storm Glider Pin Tail reprend \u00e9galement certaines caract\u00e9ristiques reconnues des planches de SUP-race downwind avec notamment un <strong>nose arrondi suivi d\u2019une car\u00e8ne plate<\/strong>. Cette combinaison procure un planning rapide afin de d\u00e9coller bien facilement sur les bumps (l&#8217;\u00e9tape la plus technique et physique du downwind en SUP-foil) . <\/p>\n\n\n\n<p>Comme sur tous nos mod\u00e8les, la car\u00e8ne au niveau des bo\u00eetiers US est plate (sans rocker), afin de garantir une position totalement neutre du foil. <strong>Les boitiers US de la Storm Glider Pin Tail ont \u00e9t\u00e9 l\u00e9g\u00e8rement avanc\u00e9s et sont aussi plus longs (16\u2019\u2019)<\/strong> afin de proposer une plus grande marge de r\u00e9glages selon le mod\u00e8le de foil utilis\u00e9 et optimiser ainsi les petites surfaces d&#8217;ailes pour les experts. <\/p>\n\n\n\n<p>Nous avons gard\u00e9 comme sur tous nos mod\u00e8les, un <strong>pont concave <\/strong>qui offre un meilleur contr\u00f4le en vol et apporte \u00e9galement un gain de stabilit\u00e9 sur l\u2019eau en compensant l\u2019\u00e9paisseur relativement \u00e9lev\u00e9e.<\/p>\n\n\n\n<ul><li>Grip int\u00e9gral fourni.<\/li><li>Couleur de la planche personnalisable ( option 2 couleurs: +15 \u20ac TTC ; trois couleurs: +25 \u20ac TTC; 1 couleur fluo: +50 \u20acTTC; carbone apparent: +30 \u20ac TTC)<\/li><\/ul>\n\n\n\n<p>Voici nos mod\u00e8les les plus populaires \u00e0 titre indicatif, chaque planche est con\u00e7ue sur-mesure et adapt\u00e9e au profil de son utilisateur :<\/p>\n\n\n\n<p>6&#8217;4 x 20&#8221; x 5.5&#8221; (90L) &#8211; 6&#8217;6 x 20&#8221; x 5.6&#8221; (96L) &#8211; 6&#8217;8 x 21&#8221; x 6.0&#8221; (114L) &#8211; 6&#8217;10 x 23&#8221; x 6.0&#8221; (124L)<\/p>\n\n\n\n<p><strong>Tarif : 1650 \u20ac TTC (5&#8217;5 \u00e0 6&#8217;10)<\/strong><\/p>\n\n\n\n<p>Livraison France m\u00e9tropolitaine : +60 \u20ac TTC  <\/p>\n\n\n\n<p>Autres livraisons: nous consulter pour un devis.<\/p>\n\n\n\n<div class=\"wp-block-image\"><figure class=\"aligncenter size-large is-resized\"><img loading=\"lazy\" src=\"http:\/\/52foilboards.com\/wp-content\/uploads\/2022\/12\/visuel-stormpin-OK-1024x364.jpg\" alt=\"\" class=\"wp-image-849\" width=\"1450\" height=\"515\" srcset=\"https:\/\/52foilboards.com\/wp-content\/uploads\/2022\/12\/visuel-stormpin-OK-1024x364.jpg 1024w, https:\/\/52foilboards.com\/wp-content\/uploads\/2022\/12\/visuel-stormpin-OK-300x107.jpg 300w, https:\/\/52foilboards.com\/wp-content\/uploads\/2022\/12\/visuel-stormpin-OK-768x273.jpg 768w, https:\/\/52foilboards.com\/wp-content\/uploads\/2022\/12\/visuel-stormpin-OK-1536x546.jpg 1536w, https:\/\/52foilboards.com\/wp-content\/uploads\/2022\/12\/visuel-stormpin-OK-2048x728.jpg 2048w, https:\/\/52foilboards.com\/wp-content\/uploads\/2022\/12\/visuel-stormpin-OK-228x81.jpg 228w\" sizes=\"(max-width: 1450px) 100vw, 1450px\" \/><\/figure><\/div>\n\n\n\n<p><\/p>\n","protected":false},"excerpt":{"rendered":"<p>Issue d&#8217;un long travail de R&amp;D avec de nombreuses journ\u00e9es pass\u00e9es sur l&#8217;eau dans la temp\u00eate, la Storm Glider Pin Tail est une d\u00e9clinaison de notre c\u00e9l\u00e8bre mod\u00e8le Storm Glider, optimis\u00e9 \u00e0 200% pour plus de facilit\u00e9 et de performance en Downwind. Ce nouveau mod\u00e8le se diff\u00e9rencie de son pr\u00e9d\u00e9cesseur par son shape rallong\u00e9 et plus \u00e9troit pour am\u00e9liorer fortement la glisse au d\u00e9collage. Comme son nom l\u2019indique, ce mod\u00e8le se distingue \u00e9galement par le design original de son 1\/3&hellip;<\/p>\n","protected":false},"author":1,"featured_media":0,"parent":0,"menu_order":0,"comment_status":"closed","ping_status":"closed","template":"","meta":[],"_links":{"self":[{"href":"https:\/\/52foilboards.com\/index.php\/wp-json\/wp\/v2\/pages\/840"}],"collection":[{"href":"https:\/\/52foilboards.com\/index.php\/wp-json\/wp\/v2\/pages"}],"about":[{"href":"https:\/\/52foilboards.com\/index.php\/wp-json\/wp\/v2\/types\/page"}],"author":[{"embeddable":true,"href":"https:\/\/52foilboards.com\/index.php\/wp-json\/wp\/v2\/users\/1"}],"replies":[{"embeddable":true,"href":"https:\/\/52foilboards.com\/index.php\/wp-json\/wp\/v2\/comments?post=840"}],"version-history":[{"count":10,"href":"https:\/\/52foilboards.com\/index.php\/wp-json\/wp\/v2\/pages\/840\/revisions"}],"predecessor-version":[{"id":1162,"href":"https:\/\/52foilboards.com\/index.php\/wp-json\/wp\/v2\/pages\/840\/revisions\/1162"}],"wp:attachment":[{"href":"https:\/\/52foilboards.com\/index.php\/wp-json\/wp\/v2\/media?parent=840"}],"curies":[{"name":"wp","href":"https:\/\/api.w.org\/{rel}","templated":true}]}}