{"id":754,"date":"2022-10-25T17:02:22","date_gmt":"2022-10-25T15:02:22","guid":{"rendered":"http:\/\/52foilboards.com\/?page_id=754"},"modified":"2022-10-28T17:39:01","modified_gmt":"2022-10-28T15:39:01","slug":"goldfinch","status":"publish","type":"page","link":"https:\/\/52foilboards.com\/index.php\/goldfinch\/","title":{"rendered":"Goldfinch"},"content":{"rendered":"\n<div class=\"alignnormal\"><div id=\"metaslider-id-755\" style=\"max-width: 1600px;\" class=\"ml-slider-3-20-3 metaslider metaslider-nivo metaslider-755 ml-slider\">\n    <div id=\"metaslider_container_755\">\n        <div class='slider-wrapper theme-default'><div class='ribbon'><\/div><div id='metaslider_755' class='nivoSlider'><img src=\"https:\/\/52foilboards.com\/wp-content\/uploads\/2022\/10\/goldfinch-visuel-v2md.jpg\" height=\"800\" width=\"1600\" title=\"goldfinch visuel v2md\" alt=\"\" class=\"slider-755 slide-793\" \/><img src=\"https:\/\/52foilboards.com\/wp-content\/uploads\/2022\/10\/LNP_9821md.jpg\" height=\"800\" width=\"1600\" title=\"LNP_9821md\" alt=\"\" class=\"slider-755 slide-802\" \/><img src=\"https:\/\/52foilboards.com\/wp-content\/uploads\/2022\/10\/LN5_7735md.jpg\" height=\"800\" width=\"1600\" title=\"LN5_7735md\" alt=\"\" class=\"slider-755 slide-794\" \/><img src=\"https:\/\/52foilboards.com\/wp-content\/uploads\/2022\/10\/LNP_9770md.jpg\" height=\"800\" width=\"1600\" title=\"LNP_9770md\" alt=\"\" class=\"slider-755 slide-803\" \/><img src=\"https:\/\/52foilboards.com\/wp-content\/uploads\/2022\/10\/LN5_8856md.jpg\" height=\"800\" width=\"1600\" title=\"LN5_8856md\" alt=\"\" class=\"slider-755 slide-799\" \/><img src=\"https:\/\/52foilboards.com\/wp-content\/uploads\/2022\/10\/LN5_8658md.jpg\" height=\"800\" width=\"1600\" title=\"LN5_8658md\" alt=\"\" class=\"slider-755 slide-800\" \/><img src=\"https:\/\/52foilboards.com\/wp-content\/uploads\/2022\/10\/LNP_9819md.jpg\" height=\"800\" width=\"1600\" title=\"LNP_9819md\" alt=\"\" class=\"slider-755 slide-791\" \/><img src=\"https:\/\/52foilboards.com\/wp-content\/uploads\/2022\/10\/LNP_9713md.jpg\" height=\"800\" width=\"1600\" title=\"LNP_9713md\" alt=\"\" class=\"slider-755 slide-792\" \/><img src=\"https:\/\/52foilboards.com\/wp-content\/uploads\/2022\/10\/LN5_8570md.jpg\" height=\"800\" width=\"1600\" title=\"LN5_8570md\" alt=\"\" class=\"slider-755 slide-807\" \/><img src=\"https:\/\/52foilboards.com\/wp-content\/uploads\/2022\/10\/LN5_9008md.jpg\" height=\"800\" width=\"1600\" title=\"LN5_9008md\" alt=\"\" class=\"slider-755 slide-805\" \/><img src=\"https:\/\/52foilboards.com\/wp-content\/uploads\/2022\/10\/LN5_8718md.jpg\" height=\"800\" width=\"1600\" title=\"LN5_8718md\" alt=\"\" class=\"slider-755 slide-801\" \/><img src=\"https:\/\/52foilboards.com\/wp-content\/uploads\/2022\/10\/LN5_8096md.jpg\" height=\"800\" width=\"1600\" title=\"LN5_8096md\" alt=\"\" class=\"slider-755 slide-798\" \/><img src=\"https:\/\/52foilboards.com\/wp-content\/uploads\/2022\/10\/LN5_7627amd.jpg\" height=\"800\" width=\"1600\" title=\"LN5_7627amd\" alt=\"\" class=\"slider-755 slide-795\" \/><img src=\"https:\/\/52foilboards.com\/wp-content\/uploads\/2022\/10\/LN5_8979md.jpg\" height=\"800\" width=\"1600\" title=\"LN5_8979md\" alt=\"\" class=\"slider-755 slide-804\" \/><img src=\"https:\/\/52foilboards.com\/wp-content\/uploads\/2022\/10\/LNP_9889md.jpg\" height=\"800\" width=\"1600\" title=\"LNP_9889md\" alt=\"\" class=\"slider-755 slide-808\" \/><img src=\"https:\/\/52foilboards.com\/wp-content\/uploads\/2022\/10\/LN5_7845md.jpg\" height=\"800\" width=\"1600\" title=\"LN5_7845md\" alt=\"\" class=\"slider-755 slide-806\" \/><\/div><\/div>\n        \n    <\/div>\n<\/div><\/div>\n\n\n\n<p>R\u00e9f\u00e9rence \u00e0 une vari\u00e9t\u00e9 d&#8217;oiseau jaune et noire vivant aux USA et aux Bahamas, <strong>The Goldfinch<\/strong> est notre nouveau mod\u00e8le \u2018\u2019performance\u2019\u2019 de la gamme surf foil.<\/p>\n\n\n\n<p>Cette planche nerveuse et tr\u00e8s maniable en construction <strong>Carbon Wrap<\/strong> s\u2019adresse \u00e0 des pratiquants de niveau interm\u00e9diaire \u00e0 expert et offre une alternative plus abordable, \u00e0 notre c\u00e9l\u00e8bre mod\u00e8le speedcarver en construction 100% carbone.<\/p>\n\n\n\n<p>Le shape de la Goldfinch pr\u00e9sente un wide-point (<em>point le plus large de la planche<\/em>) avanc\u00e9 qui facilite la rame et un outline (<em>contour<\/em>) tout en rondeur avec un round\/pin tail permettant de favoriser la prise d\u2019angle dans les virages.<\/p>\n\n\n\n<p>Sa car\u00e8ne poss\u00e8de sur son tiers avant, un double concave mod\u00e9r\u00e9 permettant de d\u00e9coller rapidement au take off (en limitant l\u2019effet ventouse sur l\u2019eau) et de mieux rebondir lors des touchettes, en conservant un maximum de contr\u00f4le.<\/p>\n\n\n\n<p>Enti\u00e8rement produite en France (comme l\u2019ensemble de nos mod\u00e8les), la Goldfinch est dot\u00e9e d\u2019une construction Carbon Warp associant des rails en carbone et une bande centrale (dessus\/dessous) en Innegra-carbone, apportant une robustesse et une nervosit\u00e9 qui se rapprochent d\u2019une construction 100% carbone (Carbon custom) pour un haut niveau de performance.<\/p>\n\n\n\n<p>Pour couvrir les exigences de la plupart des profils de riders, la Goldfinch est propos\u00e9e en 3 longueurs et d\u00e9clin\u00e9e en deux largeurs\/volumes diff\u00e9rents pour la 4\u20196 et 4\u20199. A vous de choisir le mod\u00e8le qui vous correspondra le mieux&nbsp;!<\/p>\n\n\n\n<p>4&#8217;4 x 19 x 2.7 &#8211; 30L  \/  4&#8217;6 x 19 x 2.8 &#8211; 32L  \/ 4&#8217;6 x 19.5 x 2.9 &#8211; 36L (wide)<\/p>\n\n\n\n<p>4&#8217;9 x 19.5 x 2.9 &#8211; 38L &nbsp;&nbsp;&nbsp;\/ 4&#8217;9 x 20.5 x 3 &#8211; 42L (wide)<\/p>\n\n\n\n<p><strong>Tarif: 950 \u20ac<\/strong><\/p>\n\n\n\n<div class=\"wp-block-image\"><figure class=\"aligncenter size-large is-resized\"><img loading=\"lazy\" src=\"http:\/\/52foilboards.com\/wp-content\/uploads\/2022\/10\/visuel-pont-carene-goldfinch-2md-1024x364.jpg\" alt=\"\" class=\"wp-image-834\" width=\"1261\" height=\"448\" srcset=\"https:\/\/52foilboards.com\/wp-content\/uploads\/2022\/10\/visuel-pont-carene-goldfinch-2md-1024x364.jpg 1024w, https:\/\/52foilboards.com\/wp-content\/uploads\/2022\/10\/visuel-pont-carene-goldfinch-2md-300x107.jpg 300w, https:\/\/52foilboards.com\/wp-content\/uploads\/2022\/10\/visuel-pont-carene-goldfinch-2md-768x273.jpg 768w, https:\/\/52foilboards.com\/wp-content\/uploads\/2022\/10\/visuel-pont-carene-goldfinch-2md-1536x545.jpg 1536w, https:\/\/52foilboards.com\/wp-content\/uploads\/2022\/10\/visuel-pont-carene-goldfinch-2md-2048x727.jpg 2048w, https:\/\/52foilboards.com\/wp-content\/uploads\/2022\/10\/visuel-pont-carene-goldfinch-2md-228x81.jpg 228w\" sizes=\"(max-width: 1261px) 100vw, 1261px\" \/><\/figure><\/div>\n","protected":false},"excerpt":{"rendered":"<p>R\u00e9f\u00e9rence \u00e0 une vari\u00e9t\u00e9 d&#8217;oiseau jaune et noire vivant aux USA et aux Bahamas, The Goldfinch est notre nouveau mod\u00e8le \u2018\u2019performance\u2019\u2019 de la gamme surf foil. Cette planche nerveuse et tr\u00e8s maniable en construction Carbon Wrap s\u2019adresse \u00e0 des pratiquants de niveau interm\u00e9diaire \u00e0 expert et offre une alternative plus abordable, \u00e0 notre c\u00e9l\u00e8bre mod\u00e8le speedcarver en construction 100% carbone. Le shape de la Goldfinch pr\u00e9sente un wide-point (point le plus large de la planche) avanc\u00e9 qui facilite la rame&hellip;<\/p>\n","protected":false},"author":1,"featured_media":0,"parent":0,"menu_order":0,"comment_status":"closed","ping_status":"closed","template":"","meta":[],"_links":{"self":[{"href":"https:\/\/52foilboards.com\/index.php\/wp-json\/wp\/v2\/pages\/754"}],"collection":[{"href":"https:\/\/52foilboards.com\/index.php\/wp-json\/wp\/v2\/pages"}],"about":[{"href":"https:\/\/52foilboards.com\/index.php\/wp-json\/wp\/v2\/types\/page"}],"author":[{"embeddable":true,"href":"https:\/\/52foilboards.com\/index.php\/wp-json\/wp\/v2\/users\/1"}],"replies":[{"embeddable":true,"href":"https:\/\/52foilboards.com\/index.php\/wp-json\/wp\/v2\/comments?post=754"}],"version-history":[{"count":7,"href":"https:\/\/52foilboards.com\/index.php\/wp-json\/wp\/v2\/pages\/754\/revisions"}],"predecessor-version":[{"id":838,"href":"https:\/\/52foilboards.com\/index.php\/wp-json\/wp\/v2\/pages\/754\/revisions\/838"}],"wp:attachment":[{"href":"https:\/\/52foilboards.com\/index.php\/wp-json\/wp\/v2\/media?parent=754"}],"curies":[{"name":"wp","href":"https:\/\/api.w.org\/{rel}","templated":true}]}}