{"id":113,"date":"2021-04-02T19:16:58","date_gmt":"2021-04-02T17:16:58","guid":{"rendered":"http:\/\/52foilboards.com\/?page_id=113"},"modified":"2026-02-03T18:57:18","modified_gmt":"2026-02-03T17:57:18","slug":"speedcarver-3","status":"publish","type":"page","link":"https:\/\/52foilboards.com\/index.php\/speedcarver-3\/","title":{"rendered":"Speedcarver"},"content":{"rendered":"\n<div class=\"alignnormal\"><div id=\"metaslider-id-232\" style=\"max-width: 1600px;\" class=\"ml-slider-3-20-3 metaslider metaslider-nivo metaslider-232 ml-slider\">\n    <div id=\"metaslider_container_232\">\n        <div class='slider-wrapper theme-default'><div class='ribbon'><\/div><div id='metaslider_232' class='nivoSlider'><img src=\"https:\/\/52foilboards.com\/wp-content\/uploads\/2026\/01\/speedcarver-visuel-v1md-copie.jpg\" height=\"800\" width=\"1600\" title=\"speedcarver visuel v1md copie\" alt=\"\" class=\"slider-232 slide-258\" \/><img src=\"https:\/\/52foilboards.com\/wp-content\/uploads\/2021\/04\/LNP_4131md.jpg\" height=\"800\" width=\"1600\" title=\"LNP_4131md\" alt=\"\" class=\"slider-232 slide-254\" \/><img src=\"https:\/\/52foilboards.com\/wp-content\/uploads\/2021\/04\/LN5_9779md.jpg\" height=\"800\" width=\"1600\" title=\"LN5_9779md\" alt=\"\" class=\"slider-232 slide-249\" \/><img src=\"https:\/\/52foilboards.com\/wp-content\/uploads\/2021\/04\/LNP_4293md.jpg\" height=\"800\" width=\"1600\" title=\"LNP_4293md\" alt=\"\" class=\"slider-232 slide-255\" \/><img src=\"https:\/\/52foilboards.com\/wp-content\/uploads\/2021\/04\/presentation-md.jpg\" height=\"800\" width=\"1600\" title=\"presentation md\" alt=\"\" class=\"slider-232 slide-257\" \/><img src=\"https:\/\/52foilboards.com\/wp-content\/uploads\/2021\/04\/LNP_4319md.jpg\" height=\"800\" width=\"1600\" title=\"LNP_4319md\" alt=\"\" class=\"slider-232 slide-256\" \/><img src=\"https:\/\/52foilboards.com\/wp-content\/uploads\/2021\/04\/LN5_9881md.jpg\" height=\"800\" width=\"1600\" title=\"LN5_9881md\" alt=\"\" class=\"slider-232 slide-250\" \/><img src=\"https:\/\/52foilboards.com\/wp-content\/uploads\/2021\/04\/LN5_2228md.jpg\" height=\"800\" width=\"1600\" title=\"LN5_2228md\" alt=\"\" class=\"slider-232 slide-247\" \/><img src=\"https:\/\/52foilboards.com\/wp-content\/uploads\/2021\/04\/LNN_7563md.jpg\" height=\"800\" width=\"1600\" title=\"LNN_7563md\" alt=\"\" class=\"slider-232 slide-252\" \/><img src=\"https:\/\/52foilboards.com\/wp-content\/uploads\/2021\/04\/LN5_2312md.jpg\" height=\"800\" width=\"1600\" title=\"LN5_2312md\" alt=\"\" class=\"slider-232 slide-248\" \/><\/div><\/div>\n        \n    <\/div>\n<\/div><\/div>\n\n\n\n<p>Disponible de 4&#8217;0\u00a0\u00e0 6&#8217;0, le Speedcarver est notre mod\u00e8le de Surf-foil haut de gamme taill\u00e9 pour la performance. Sa construction ultra l\u00e9g\u00e8re 100% Carbone lui apporte une grande robustesse et une r\u00e9activit\u00e9 sans \u00e9gale pour un maximum de sensations et de performance dans les phases de pumping et au surf. <\/p>\n\n\n\n<p>Son outline est plus \u00e9troit notamment au niveau du tail pour prendre plus d&#8217;angles dans les virages.<\/p>\n\n\n\n<p>Le pont&nbsp;rabaiss\u00e9 permet d&#8217;\u00eatre plus stable, procure plus de contr\u00ad\u00f4le en vol et lors de man\u0153uvres.<\/p>\n\n\n\n<p>Les bevel rails, le rocker au nose et le lift au tail sont optimis\u00e9s pour prendre un maximum d&#8217;angle dans les virages et pardonner les erreurs de pilotage.<\/p>\n\n\n\n<p>Le double concave sous la car\u00e8ne permet de red\u00e9coller tr\u00e8s rapidement lors des touchettes et lors de r\u00e9ception des turns dans la mousse.<\/p>\n\n\n\n<ul><li>Couleur de la planche personnalisable (option 2 couleurs: +15 \u20ac TTC ; trois couleurs: +25 \u20ac TTC; 1 couleur fluo: +50 \u20ac TTC; carbone apparent: +30 \u20ac TTC)<\/li><\/ul>\n\n\n\n<ul><li>Inserts footstraps avant\/arri\u00e8re en option (+30 \u20ac TTC)<\/li><\/ul>\n\n\n\n<p class=\"has-text-align-left\">Voici nos mod\u00e8les les plus populaires \u00e0 titre indicatif, chaque planche est con\u00e7ue sur-mesure et adapt\u00e9e au profil de son utilisateur :<\/p>\n\n\n\n<p class=\"has-text-align-left\">4\u20193&nbsp;x 19&nbsp;x 3&nbsp;&#8211; 31L      \/      4\u20196 x 18.5&nbsp;x 3 &#8211; 34L      \/      4\u20198&nbsp;x 20&nbsp;x 3.2 &#8211; 42L      \/      4\u201910&nbsp;x 22&nbsp;x 3.3 &#8211; 49L<\/p>\n\n\n\n<p><\/p>\n\n\n\n<p class=\"has-text-align-left\"><strong>Tarif : 1190 \u20ac TTC (4&#8217;0 \u00e0 4&#8217;11); 1280 \u20ac TTC (5&#8217;0 \u00e0 6&#8217;0)<\/strong><\/p>\n\n\n\n<p><strong>Livraison France m\u00e9tropolitaine : +60 \u20ac TTC<\/strong>  <\/p>\n\n\n\n<p><strong>Autres livraisons: nous consulter pour un devis.<\/strong><\/p>\n\n\n\n<p><\/p>\n\n\n\n<div class=\"wp-block-image\"><figure class=\"aligncenter size-large is-resized\"><img loading=\"lazy\" src=\"http:\/\/52foilboards.com\/wp-content\/uploads\/2021\/04\/visuel-carene-speedcarver-md-1024x364.jpg\" alt=\"\" class=\"wp-image-539\" width=\"1207\" height=\"430\" srcset=\"https:\/\/52foilboards.com\/wp-content\/uploads\/2021\/04\/visuel-carene-speedcarver-md-1024x364.jpg 1024w, https:\/\/52foilboards.com\/wp-content\/uploads\/2021\/04\/visuel-carene-speedcarver-md-300x107.jpg 300w, https:\/\/52foilboards.com\/wp-content\/uploads\/2021\/04\/visuel-carene-speedcarver-md-768x273.jpg 768w, https:\/\/52foilboards.com\/wp-content\/uploads\/2021\/04\/visuel-carene-speedcarver-md-1536x546.jpg 1536w, https:\/\/52foilboards.com\/wp-content\/uploads\/2021\/04\/visuel-carene-speedcarver-md-2048x728.jpg 2048w, https:\/\/52foilboards.com\/wp-content\/uploads\/2021\/04\/visuel-carene-speedcarver-md-228x81.jpg 228w\" sizes=\"(max-width: 1207px) 100vw, 1207px\" \/><\/figure><\/div>\n\n\n\n<div style=\"height:58px\" aria-hidden=\"true\" class=\"wp-block-spacer\"><\/div>\n\n\n\n<p><\/p>\n","protected":false},"excerpt":{"rendered":"<p>Disponible de 4&#8217;0\u00a0\u00e0 6&#8217;0, le Speedcarver est notre mod\u00e8le de Surf-foil haut de gamme taill\u00e9 pour la performance. Sa construction ultra l\u00e9g\u00e8re 100% Carbone lui apporte une grande robustesse et une r\u00e9activit\u00e9 sans \u00e9gale pour un maximum de sensations et de performance dans les phases de pumping et au surf. Son outline est plus \u00e9troit notamment au niveau du tail pour prendre plus d&#8217;angles dans les virages. Le pont&nbsp;rabaiss\u00e9 permet d&#8217;\u00eatre plus stable, procure plus de contr\u00ad\u00f4le en vol et&hellip;<\/p>\n","protected":false},"author":1,"featured_media":0,"parent":0,"menu_order":0,"comment_status":"closed","ping_status":"closed","template":"","meta":[],"_links":{"self":[{"href":"https:\/\/52foilboards.com\/index.php\/wp-json\/wp\/v2\/pages\/113"}],"collection":[{"href":"https:\/\/52foilboards.com\/index.php\/wp-json\/wp\/v2\/pages"}],"about":[{"href":"https:\/\/52foilboards.com\/index.php\/wp-json\/wp\/v2\/types\/page"}],"author":[{"embeddable":true,"href":"https:\/\/52foilboards.com\/index.php\/wp-json\/wp\/v2\/users\/1"}],"replies":[{"embeddable":true,"href":"https:\/\/52foilboards.com\/index.php\/wp-json\/wp\/v2\/comments?post=113"}],"version-history":[{"count":25,"href":"https:\/\/52foilboards.com\/index.php\/wp-json\/wp\/v2\/pages\/113\/revisions"}],"predecessor-version":[{"id":1447,"href":"https:\/\/52foilboards.com\/index.php\/wp-json\/wp\/v2\/pages\/113\/revisions\/1447"}],"wp:attachment":[{"href":"https:\/\/52foilboards.com\/index.php\/wp-json\/wp\/v2\/media?parent=113"}],"curies":[{"name":"wp","href":"https:\/\/api.w.org\/{rel}","templated":true}]}}